{"id":23,"date":"2016-09-30T14:59:51","date_gmt":"2016-09-30T12:59:51","guid":{"rendered":"http:\/\/kikev.de\/goerlitz\/?page_id=23"},"modified":"2025-07-02T12:23:56","modified_gmt":"2025-07-02T10:23:56","slug":"foerderverein-goe","status":"publish","type":"page","link":"https:\/\/kikev.de\/goerlitz\/froebel-kinderhaus-nikolaivorstadt-goerlitz\/foerderverein-goe\/","title":{"rendered":"F\u00f6rderverein des FR\u00d6BEL-Kinderhauses &#8222;Nikolaivorstadt&#8220;"},"content":{"rendered":"<p><span style=\"color: #000000;\"><strong><span style=\"font-size: 14pt; font-family: arial, helvetica, sans-serif;\">Liebe Leserinnen und Leser,<\/span><\/strong><\/span><\/p>\n<p><span style=\"font-size: 14pt; font-family: arial, helvetica, sans-serif; color: #000000;\">wir freuen uns, dass Sie sich auf unserer Seite informieren m\u00f6chten.<\/span><\/p>\n<p><span style=\"font-size: 14pt; font-family: arial, helvetica, sans-serif; color: #000000;\">Unser kleiner Verein besteht haupts\u00e4chlich aus Eltern und Erzieherinnen des FR\u00d6BEL-Kinderhauses \u201eNikolaivorstadt\u201c in G\u00f6rlitz.<\/span><\/p>\n<p><span style=\"font-size: 14pt; font-family: arial, helvetica, sans-serif; color: #000000;\">Wir haben es uns zur Aufgabe gemacht, die p\u00e4dagogische Arbeit des Erzieherteams zu unterst\u00fctzen sowie kleine und gr\u00f6\u00dfere H\u00f6hepunkte f\u00fcr die Kinder zu gestalten.<\/span><\/p>\n<p><span style=\"font-size: 14pt; font-family: arial, helvetica, sans-serif; color: #000000;\">In den vergangenen Jahren beteiligten wir uns gemeinsam mit Elternrat und Team des FR\u00d6BEL-Kinderhauses z.B. an der Ausrichtung von Willkommensfesten, Spielefesten oder dem Weihnachtsmarkt.<\/span><\/p>\n<p><span style=\"font-size: 14pt; font-family: arial, helvetica, sans-serif; color: #000000;\">F\u00fcr gr\u00f6\u00dfere Vorhaben, wie den Bau einer Wasserleitung im Garten, den Bau des neuen Spielzeughauses oder der Anschaffung des Trampolins, sammelten wir \u00fcber l\u00e4ngere Zeit Spendengelder und trugen so ma\u00dfgeblich dazu bei, dass diese Projekte verwirklicht werden konnten.<\/span><\/p>\n<p><span style=\"font-size: 14pt; color: #ff0000; font-family: arial, helvetica, sans-serif;\"><strong>Nun wird wieder unsere Hilfe ben\u00f6tigt. <\/strong><\/span><\/p>\n<p><span style=\"font-size: 14pt; font-family: arial, helvetica, sans-serif; color: #000000;\"><strong>Das p\u00e4dagogische Team der Einrichtung m\u00f6chte die K\u00fcche des Kinderhauses umgestalten. Die jetzige Einrichtung ist 25 Jahre alt und sollte dringend erneuert werden. <\/strong><\/span><\/p>\n<p><span style=\"font-size: 14pt; font-family: arial, helvetica, sans-serif; color: #000000;\"><strong>Die neue K\u00fcche soll f\u00fcr die Erwachsenen genauso gut nutzbar sein, wie f\u00fcr die Kindergarten- und Hortkinder, z. B. f\u00fcr folgende T\u00e4tigkeiten:<\/strong><\/span><\/p>\n<ul>\n<li><span style=\"font-size: 14pt; font-family: arial, helvetica, sans-serif; color: #000000;\"><strong>Gemeinsame Zubereitung eines ausgewogenen w\u00f6chentlichen Fr\u00fchst\u00fccks mit den Kindergartenkindern<\/strong><\/span><\/li>\n<li><span style=\"font-size: 14pt; font-family: arial, helvetica, sans-serif; color: #000000;\"><strong>Durchf\u00fchrung des Kochkurses mit Hortkindern<\/strong><\/span><\/li>\n<li><span style=\"font-size: 14pt; font-family: arial, helvetica, sans-serif; color: #000000;\"><strong>Gemeinsames Backen mit Kindergarten- und Hortkindern zu verschiedenen Anl\u00e4ssen<\/strong><\/span><\/li>\n<li><span style=\"font-size: 14pt; font-family: arial, helvetica, sans-serif; color: #000000;\"><strong>Zubereiten einer warmen Mittags-Mahlzeit gemeinsam mit den Kindern<\/strong><\/span><\/li>\n<li><span style=\"font-size: 14pt; font-family: arial, helvetica, sans-serif; color: #000000;\"><strong>Durchf\u00fchrung eines Elterncafe\u00b4s<\/strong><\/span><\/li>\n<li><span style=\"font-size: 14pt; font-family: arial, helvetica, sans-serif; color: #000000;\"><strong>Zubereitung von verschiedensten kulinarischen Beitr\u00e4gen zu Festen und Feiern des FR\u00d6BEL-Kinderhauses<\/strong><\/span><\/li>\n<\/ul>\n<p><span style=\"font-size: 14pt; font-family: arial, helvetica, sans-serif; color: #000000;\"><strong>Um diese Punkte realisieren zu k\u00f6nnen, ben\u00f6tigen wir Ihre Unterst\u00fctzung. Die vorl\u00e4ufige K\u00fcchenplanung besagt, dass wir 10000-12000\u20ac ben\u00f6tigen.<\/strong><\/span><\/p>\n<p><span style=\"font-size: 14pt; font-family: arial, helvetica, sans-serif; color: #000000;\"><strong>Bitte spenden Sie auf folgendes Konto:<\/strong><\/span><\/p>\n<p><span style=\"font-size: 14pt; color: #ff0000; font-family: arial, helvetica, sans-serif;\"><strong>F\u00f6rderverein Fr\u00f6bel-Kinderhaus \u201eNikolaivorstadt\u201c<\/strong><\/span><\/p>\n<p><span style=\"font-size: 14pt; color: #ff0000; font-family: arial, helvetica, sans-serif;\"><strong>DE77 8505 0100 0019 0042 22<\/strong><\/span><\/p>\n<p><span style=\"font-size: 14pt; font-family: arial, helvetica, sans-serif; color: #000000;\"><strong>Spendenquittungen k\u00f6nnen \u00fcber folgende Mailadresse angefordert werden:<\/strong><\/span><\/p>\n<p><span style=\"font-size: 14pt; font-family: arial, helvetica, sans-serif; color: #000080;\"><a style=\"color: #000080;\" href=\"&#x6d;&#x61;&#x69;&#108;&#116;o:&#x65;&#x6e;&#x74;&#101;&#110;-g&#x6f;&#x65;&#x40;&#107;&#105;ke&#x76;&#x2e;&#x64;&#101;\"><strong>&#101;&#x6e;&#116;&#x65;&#110;&#x2d;&#103;&#x6f;&#101;&#x40;&#107;&#x69;k&#x65;v&#x2e;d&#x65;<\/strong><\/a><\/span><\/p>\n<p>&nbsp;<\/p>\n","protected":false},"excerpt":{"rendered":"<p>Liebe Leserinnen und Leser, wir freuen uns, dass Sie sich auf unserer Seite informieren m\u00f6chten. Unser kleiner Verein besteht haupts\u00e4chlich aus Eltern und Erzieherinnen des FR\u00d6BEL-Kinderhauses \u201eNikolaivorstadt\u201c in G\u00f6rlitz. Wir haben es uns zur Aufgabe gemacht, die p\u00e4dagogische Arbeit des Erzieherteams zu unterst\u00fctzen sowie kleine und gr\u00f6\u00dfere H\u00f6hepunkte f\u00fcr die Kinder zu gestalten. In den [&hellip;]<\/p>\n","protected":false},"author":1,"featured_media":0,"parent":7,"menu_order":0,"comment_status":"closed","ping_status":"closed","template":"","meta":{"_et_pb_use_builder":"off","_et_pb_old_content":"","_et_gb_content_width":"","footnotes":""},"class_list":["post-23","page","type-page","status-publish","hentry"],"_links":{"self":[{"href":"https:\/\/kikev.de\/goerlitz\/wp-json\/wp\/v2\/pages\/23","targetHints":{"allow":["GET"]}}],"collection":[{"href":"https:\/\/kikev.de\/goerlitz\/wp-json\/wp\/v2\/pages"}],"about":[{"href":"https:\/\/kikev.de\/goerlitz\/wp-json\/wp\/v2\/types\/page"}],"author":[{"embeddable":true,"href":"https:\/\/kikev.de\/goerlitz\/wp-json\/wp\/v2\/users\/1"}],"replies":[{"embeddable":true,"href":"https:\/\/kikev.de\/goerlitz\/wp-json\/wp\/v2\/comments?post=23"}],"version-history":[{"count":0,"href":"https:\/\/kikev.de\/goerlitz\/wp-json\/wp\/v2\/pages\/23\/revisions"}],"up":[{"embeddable":true,"href":"https:\/\/kikev.de\/goerlitz\/wp-json\/wp\/v2\/pages\/7"}],"wp:attachment":[{"href":"https:\/\/kikev.de\/goerlitz\/wp-json\/wp\/v2\/media?parent=23"}],"curies":[{"name":"wp","href":"https:\/\/api.w.org\/{rel}","templated":true}]}}

Förderverein des FRÖBEL-Kinderhauses &#8222;Nikolaivorstadt&#8220;

<p><span style="color: #000000;"><strong><span style="font-size: 14pt; font-family: arial, helvetica, sans-serif;">Liebe Leserinnen und Leser,</span></strong></span></p>
<p><span style="font-size: 14pt; font-family: arial, helvetica, sans-serif; color: #000000;">wir freuen uns, dass Sie sich auf unserer Seite informieren möchten.</span></p>
<p><span style="font-size: 14pt; font-family: arial, helvetica, sans-serif; color: #000000;">Unser kleiner Verein besteht hauptsächlich aus Eltern und Erzieherinnen des FRÖBEL-Kinderhauses „Nikolaivorstadt“ in Görlitz.</span></p>
<p><span style="font-size: 14pt; font-family: arial, helvetica, sans-serif; color: #000000;">Wir haben es uns zur Aufgabe gemacht, die pädagogische Arbeit des Erzieherteams zu unterstützen sowie kleine und größere Höhepunkte für die Kinder zu gestalten.</span></p>
<p><span style="font-size: 14pt; font-family: arial, helvetica, sans-serif; color: #000000;">In den vergangenen Jahren beteiligten wir uns gemeinsam mit Elternrat und Team des FRÖBEL-Kinderhauses z.B. an der Ausrichtung von Willkommensfesten, Spielefesten oder dem Weihnachtsmarkt.</span></p>
<p><span style="font-size: 14pt; font-family: arial, helvetica, sans-serif; color: #000000;">Für größere Vorhaben, wie den Bau einer Wasserleitung im Garten, den Bau des neuen Spielzeughauses oder der Anschaffung des Trampolins, sammelten wir über längere Zeit Spendengelder und trugen so maßgeblich dazu bei, dass diese Projekte verwirklicht werden konnten.</span></p>
<p><span style="font-size: 14pt; color: #ff0000; font-family: arial, helvetica, sans-serif;"><strong>Nun wird wieder unsere Hilfe benötigt. </strong></span></p>
<p><span style="font-size: 14pt; font-family: arial, helvetica, sans-serif; color: #000000;"><strong>Das pädagogische Team der Einrichtung möchte die Küche des Kinderhauses umgestalten. Die jetzige Einrichtung ist 25 Jahre alt und sollte dringend erneuert werden. </strong></span></p>
<p><span style="font-size: 14pt; font-family: arial, helvetica, sans-serif; color: #000000;"><strong>Die neue Küche soll für die Erwachsenen genauso gut nutzbar sein, wie für die Kindergarten- und Hortkinder, z. B. für folgende Tätigkeiten:</strong></span></p>
<ul>
<li><span style="font-size: 14pt; font-family: arial, helvetica, sans-serif; color: #000000;"><strong>Gemeinsame Zubereitung eines ausgewogenen wöchentlichen Frühstücks mit den Kindergartenkindern</strong></span></li>
<li><span style="font-size: 14pt; font-family: arial, helvetica, sans-serif; color: #000000;"><strong>Durchführung des Kochkurses mit Hortkindern</strong></span></li>
<li><span style="font-size: 14pt; font-family: arial, helvetica, sans-serif; color: #000000;"><strong>Gemeinsames Backen mit Kindergarten- und Hortkindern zu verschiedenen Anlässen</strong></span></li>
<li><span style="font-size: 14pt; font-family: arial, helvetica, sans-serif; color: #000000;"><strong>Zubereiten einer warmen Mittags-Mahlzeit gemeinsam mit den Kindern</strong></span></li>
<li><span style="font-size: 14pt; font-family: arial, helvetica, sans-serif; color: #000000;"><strong>Durchführung eines Elterncafe´s</strong></span></li>
<li><span style="font-size: 14pt; font-family: arial, helvetica, sans-serif; color: #000000;"><strong>Zubereitung von verschiedensten kulinarischen Beiträgen zu Festen und Feiern des FRÖBEL-Kinderhauses</strong></span></li>
</ul>
<p><span style="font-size: 14pt; font-family: arial, helvetica, sans-serif; color: #000000;"><strong>Um diese Punkte realisieren zu können, benötigen wir Ihre Unterstützung. Die vorläufige Küchenplanung besagt, dass wir 10000-12000€ benötigen.</strong></span></p>
<p><span style="font-size: 14pt; font-family: arial, helvetica, sans-serif; color: #000000;"><strong>Bitte spenden Sie auf folgendes Konto:</strong></span></p>
<p><span style="font-size: 14pt; color: #ff0000; font-family: arial, helvetica, sans-serif;"><strong>Förderverein Fröbel-Kinderhaus „Nikolaivorstadt“</strong></span></p>
<p><span style="font-size: 14pt; color: #ff0000; font-family: arial, helvetica, sans-serif;"><strong>DE77 8505 0100 0019 0042 22</strong></span></p>
<p><span style="font-size: 14pt; font-family: arial, helvetica, sans-serif; color: #000000;"><strong>Spendenquittungen können über folgende Mailadresse angefordert werden:</strong></span></p>
<p><span style="font-size: 14pt; font-family: arial, helvetica, sans-serif; color: #000080;"><a style="color: #000080;" href="&#x6d;&#x61;&#x69;&#108;&#116;o:&#x65;&#x6e;&#x74;&#101;&#110;-g&#x6f;&#x65;&#x40;&#107;&#105;ke&#x76;&#x2e;&#x64;&#101;"><strong>&#101;&#x6e;&#116;&#x65;&#110;&#x2d;&#103;&#x6f;&#101;&#x40;&#107;&#x69;k&#x65;v&#x2e;d&#x65;</strong></a></span></p>
<p>&nbsp;</p>

<p>Liebe Leserinnen und Leser, wir freuen uns, dass Sie sich auf unserer Seite informieren möchten. Unser kleiner Verein besteht hauptsächlich aus Eltern und Erzieherinnen des FRÖBEL-Kinderhauses „Nikolaivorstadt“ in Görlitz. Wir haben es uns zur Aufgabe gemacht, die pädagogische Arbeit des Erzieherteams zu unterstützen sowie kleine und größere Höhepunkte für die Kinder zu gestalten. In den [&hellip;]</p>
